 - 72 = i, 0 = 5*l + 3*q - q - 66. List the prime factors of l - 1*(-3 - 0).
17
Suppose -8 - 7 = -3*w. Suppose -3*z + 3*s = -135 + 18, w*z + s = 201. List the prime factors of z.
2, 5
Suppose -y = 2*y - 225. What are the prime factors of y?
3, 5
Let s(g) = g**2 + 4*g - 4. Let y be (4 - (-2 + 4)) + -7. Let r be s(y). Let t = 4 + r. What are the prime factors of t?
5
Let g(q) = 26*q - 11. Let j be g(6). Suppose 4*y + y = 2*v + j, 87 = 3*y + 5*v. What are the prime factors of y?
29
Suppose 0*g + 35 = -5*g. Let c(f) be the third derivative of -f**6/120 - f**5/10 + f**4/4 - 5*f**3/6 - 9*f**2. What are the prime factors of c(g)?
2
Let z(l) = -l - 14. Let c be z(-10). Let n = c + 7. Suppose 17 + 25 = n*p. List the prime factors of p.
2, 7
Let q = 5 - 3. Suppose 5*s - 3*g - 24 = 0, q*g - 1 - 3 = 0. List the prime factors of s.
2, 3
Suppose 6 = 5*u + 3*t, 3*t - 3 = -u + 3. Suppose u*p - 9 = -p. What are the prime factors of p?
3
Let z(j) be the second derivative of -1/5*j**5 - 1/2*j**2 + 0 - 1/3*j**3 - 1/6*j**4 + 2*j. What are the prime factors of z(-1)?
3
Let o(y) = 6*y**2 + 7 - 6*y + y + 3*y**3 + 3*y. Let d(z) = -z**3 - 1. Let j(b) = -4*d(b) - o(b). What are the prime factors of j(6)?
3
Suppose -4*k + 607 + 169 = 0. What are the prime factors of k?
2, 97
Let f = -61 - -22. Let x = 35 + -53. Let n = x - f. List the prime factors of n.
3, 7
Let s = 4 + -1. Suppose -5*g + 2*g - s*u = -36, -2 = -2*u. What are the prime factors of g?
11
Suppose -19*b = 3576 - 10587. What are the prime factors of b?
3, 41
Let k be 6/4 + 115/10. Let x = k - 10. What are the prime factors of x?
3
Let j be (30/(-25))/(2/(-15)). Let y = j - 7. Suppose y*r = -4*s + 16, 6*s + 4 = 5*s. What are the prime factors of r?
2
Let m = -142 - -247. Let d(t) = -t**3 - 4*t**2 + 4. Let v be d(-4). Suppose -c + m = v*c. What are the prime factors of c?
3, 7
Let k = -2 - -5. Suppose k*q = 4*s, s + 4*q = 6*s + 1. What are the prime factors of s?
3
Let j(d) be the second derivative of d**5/120 + d**4/24 - d**3/3 - d. Let r(k) be the second derivative of j(k). What are the prime factors of r(5)?
2, 3
Suppose u - 108 = -20. Suppose -u = -2*n - 12. What are the prime factors of n?
2, 19
Let a(x) = -30*x**3 + 4*x**2 + 4*x + 2. Let b be a(-2). Suppose -w + b = 4*w. What are the prime factors of w?
2, 5
List the prime factors of (-2 + 0)/(-1) - 3247/(-17).
193
Let g(o) be the first derivative of o**5/20 + 5*o**4/12 - o**3/6 + 3*o**2 - 4*o - 2. Let y(i) be the first derivative of g(i). List the prime factors of y(-5).
11
Let n = 27 - 18. Let w = n + -6. Suppose d - 14 = -w. List the prime factors of d.
11
What are the prime factors of (-2)/(20/6 + -4)?
3
Suppose -154 = -g - 6*g. List the prime factors of g.
2, 11
What are the prime factors of (-64)/(-144)*(-9)/(-2)?
2
Suppose 4*y - 3*y = 33. What are the prime factors of y?
3, 11
Suppose 13 = -4*s + 5. Let p(l) = -3*l - 14. Let v(n) = 16*n + 71. Let o(d) = s*v(d) - 11*p(d). What are the prime factors of o(-8)?
2
Let c be 3/18 + (-22)/(-12). Let u be (4/(-2))/(c/(-4)). What are the prime factors of (u/(-6))/((-2)/9)?
3
Let o = 2 + 0. Let k be (-2 + 3 - -5) + -3. Suppose -12 = -2*j + o*f, -4*j - k*f = 2*f - 24. What are the prime factors of j?
2, 3
Let q(m) = -m**3 - 4*m**2 - 5*m - 3. Let p be q(-3). Suppose 6*n = 2*n + 4, -p*k = -5*n - 16. Let d = 10 - k. What are the prime factors of d?
3
Let b = -1 - -4. Suppose b*i = -2*i + 10. List the prime factors of 20/i - (-9)/3.
13
List the prime factors of ((-120)/18)/((-14)/12 + 1).
2, 5
Let w(n) = -n**3 + 5*n**2 + 2*n + 2. List the prime factors of w(3).
2, 13
Let a be (-2 - 14)/(-2) - 1. Suppose 4*b + a + 25 = 0. List the prime factors of ((-6)/b)/(1/12).
3
Suppose v = -5*i + 5 + 75, -2*i = -8. List the prime factors of v.
2, 3, 5
Let u = 2 - 4. Let m = 3 - u. Suppose p + t + 2*t = m, -p + 4 = 4*t. What are the prime factors of p?
2
Suppose 5*q + 25 = 2*v, -2*q + 20 = -2*v - 6*q. Suppose -3 = -u - v. List the prime factors of u.
3
Suppose -4*h - 5*a + 156 = 0, -a = 3*h - 2*a - 136. What are the prime factors of h?
2, 11
Let b(d) = 4*d - 10. Let x be b(7). Suppose -5*i - 10 = -5*r, -4*r + x = 3*i - 2*i. Suppose -5*y = r*a - 65, 5*a + 5*y - 10 = 65. List the prime factors of a.
2, 5
Suppose -u + 8*u = 546. What are the prime factors of u?
2, 3, 13
Let y(w) = w**2 + w + 89. Let d be y(0). Let g = -63 + d. List the prime factors of g.
2, 13
Suppose 0 = 2*j - 48 + 18. Suppose -3*m - 3 = -j. List the prime factors of m.
2
Let q = -4 - -10. Let g(v) = -v**3 + 3*v**2 - 2*v + 2. Let w be g(2). List the prime factors of (-2)/w*(-138)/q.
23
Let z = -11 - -31. Let c = -5 - -9. Suppose -c*a + 24 + z = 0. What are the prime factors of a?
11
Let s = -4 - -7. Let r = s + -5. What are the prime factors of 3 + 4 + r + 13?
2, 3
Suppose 2*a = -3*a - 15. Let y be (-6)/(6/a) - -2. Suppose -y*p = -p - 2*t - 16, 3*p - 5*t = 26. List the prime factors of p.
2
Suppose -64 = 4*b - 6*b. List the prime factors of b.
2
Suppose -4*h + 2*z - 6*z = -652, -3*h + 3*z = -507. What are the prime factors of h?
2, 83
Let m be (2 + 7)/((-2)/2). Let t(u) = -u**3 - u**2 - u - 1. Let y(q) = q**3 - 6*q**2 + 12*q - 1. Let s(o) = -2*t(o) - y(o). What are the prime factors of s(m)?
2, 3
Suppose 2*o = -2, 0 = 4*z + 2*o + 2 + 4. Let c = z + 8. What are the prime factors of c?
7
Let r = 15 - 0. Suppose r = -0*v + 3*v. What are the prime factors of v?
5
Let y be ((-10)/4*-4)/2. Suppose y*r - 7 = 13. Suppose -14 = -r*s - 6. List the prime factors of s.
2
Let v be 2/4*1*34. Let g = 26 - v. What are the prime factors of g?
3
Suppose -4*v - 21 = k, 4*v - 9*v - 21 = -4*k. List the prime factors of k/((-2)/62) + -1.
2, 3, 5
Suppose f + 2*f - 48 = 0. Suppose v + 2 - 12 = -3*a, -4*v = -f. List the prime factors of 11/a - (-1)/2.
2, 3
Suppose 4*x + 0*x + 12 = 0, -4*x + 210 = 2*j. List the prime factors of j.
3, 37
Let x(t) = 34*t**2 + 2*t - 7. Let o be x(4). What are the prime factors of 2/(-12) - o/(-30)?
2, 3
Let m(d) = d**3 - d**2 - 3*d + 2. Let g be m(2). Suppose g*p - 4*q = -2*p + 6, -q + 59 = 5*p. What are the prime factors of p?
11
Suppose -3*s + 40 = -4*v, 4*s + 2*v - 46 = 44. Let d = -15 + s. List the prime factors of d.
5
Let s(t) be the third derivative of 2*t**6/15 + t**5/60 - t**4/24 + t**3/6 - t**2. List the prime factors of s(1).
17
Suppose 9 = 3*y - 6*y. Let f(z) = -z**3 + 2*z. Let b be f(y). Let r = -8 + b. List the prime factors of r.
13
Let v(o) = -o + 4. Let c be v(0). Suppose c*s - 59 = 37. List the prime factors of s.
2, 3
Let b(w) = -1. Let i(a) be the second derivative of -a**3/6 + 5*a**2/2 + 2*a. Let p(m) = 15*b(m) + 3*i(m). List the prime factors of p(-1).
3
Let g(d) = 43*d - 5. What are the prime factors of g(2)?
3
Let h(y) = y + 3. Let o be h(0). Suppose o*i = -0*i. Suppose -k - 3*k + 40 = i. List the prime factors of k.
2, 5
Let w(f) = -1 - f - f - 2. Let k be w(-4). Suppose k*i = 2 + 38. List the prime factors of i.
2
Let m = -355 - -546. List the prime factors of m.
191
Suppose -3*l = y + 178, 5*y - y = -5*l - 292. Let g be -3 + (-7)/((-7)/l). List the prime factors of g/(-6)*4/3.
2, 7
Suppose 0 = h - 1 - 3. Suppose 3*r - 10 + h = 0. What are the prime factors of r?
2
Suppose -5*l + 7*l = -2. List the prime factors of (14 - 7)/(l - -2).
7
Let g = -11 - 1. Let l be 81/g - (-1)/(-4). Let w = -3 - l. List the prime factors of w.
2
Suppose 130 + 20 = 3*k. List the prime factors of (-177)/(-5) - 20/k.
5, 7
Let q(x) = x**2 - 2*x - 1. Let a be q(-1). Let t be (-2)/(-8) + 15/(-12). List the prime factors of a*(t + 0) - -13.
11
Let s be 0/(-2) - (3 + -3). What are the prime factors of -2 + (0 - s - -7)?
5
Let r(d) = d**2 - 2*d - 3. Let k be (-215)/(-45) - 4/(-18). List the prime factors of r(k).
2, 3
Let w(m) = 5*m. Suppose 0 = -2*o + 7 + 1. List the prime factors of w(o).
2, 5
Let f = -6 + 0. Let w(o) = -o**3 - 7*o**2 - 6*o - 1. Let a be w(f). Let y = a + 8. What are the prime factors of y?
7
Let y be (-4)/(-14) - 192/(-14). Let z = y + -6. List the prime factors of z.
2
Suppose 2*v = 3*v - 57. List the prime factors of v.
3, 19
Let v(g) = g**2 - 12*g + 13. Let w be v(11). Suppose 3*n = -2*m + 29, -3*m + 21 = -w*n - 42. List the prime factors of m.
19
Let n = -6 + 12. List the prime factors of (n/9)/1*18.
2, 3
Suppose q - 24 = -2*q. List